{"id":586,"date":"2020-01-28T12:27:47","date_gmt":"2020-01-28T11:27:47","guid":{"rendered":"https:\/\/www.ocev.fr\/sites\/pro-bilanciel\/?page_id=586"},"modified":"2023-07-05T11:41:32","modified_gmt":"2023-07-05T09:41:32","slug":"formation","status":"publish","type":"page","link":"https:\/\/www.bilanciel.fr\/pro\/formation\/","title":{"rendered":"Formation"},"content":{"rendered":"<p><\/p>","protected":false},"excerpt":{"rendered":"","protected":false},"author":1,"featured_media":588,"parent":0,"menu_order":0,"comment_status":"closed","ping_status":"closed","template":"","meta":{"footnotes":""},"class_list":["post-586","page","type-page","status-publish","has-post-thumbnail","hentry"],"yoast_head":"<!-- This site is optimized with the Yoast SEO plugin v27.4 - https:\/\/yoast.com\/product\/yoast-seo-wordpress\/ -->\n<title>Formation - Bilanciel Pro - Conseil en ressources humaines<\/title>\n<meta name=\"description\" content=\"Former c&#039;est anticiper. Bilanciel intervient sur site pour organiser des s\u00e9minaires de formation sur diff\u00e9rents domaines. N&#039;h\u00e9sitez pas \u00e0 faire appel \u00e0 Bilanciel pour vos formations\" \/>\n<meta name=\"robots\" content=\"index, follow, max-snippet:-1, max-image-preview:large, max-video-preview:-1\" \/>\n<link rel=\"canonical\" href=\"https:\/\/www.bilanciel.fr\/pro\/formation\/\" \/>\n<meta property=\"og:locale\" content=\"fr_FR\" \/>\n<meta property=\"og:type\" content=\"article\" \/>\n<meta property=\"og:title\" content=\"Formation - Bilanciel Pro - Conseil en ressources humaines\" \/>\n<meta property=\"og:description\" content=\"Former c&#039;est anticiper. Bilanciel intervient sur site pour organiser des s\u00e9minaires de formation sur diff\u00e9rents domaines.\" \/>\n<meta property=\"og:url\" content=\"https:\/\/www.bilanciel.fr\/pro\/formation\/\" \/>\n<meta property=\"og:site_name\" content=\"Bilanciel Pro\" \/>\n<meta property=\"article:publisher\" content=\"https:\/\/www.facebook.com\/www.bilanciel.fr?fref=ts\" \/>\n<meta property=\"article:modified_time\" content=\"2023-07-05T09:41:32+00:00\" \/>\n<meta property=\"og:image\" content=\"https:\/\/www.bilanciel.fr\/pro\/wp-content\/uploads\/2020\/01\/luvstock-ipad-65019-1024x683-1.jpeg\" \/>\n\t<meta property=\"og:image:width\" content=\"1024\" \/>\n\t<meta property=\"og:image:height\" content=\"683\" \/>\n\t<meta property=\"og:image:type\" content=\"image\/jpeg\" \/>\n<meta name=\"twitter:card\" content=\"summary_large_image\" \/>\n<meta name=\"twitter:title\" content=\"Formation - Bilanciel Pro - Conseil en ressources humaines\" \/>\n<meta name=\"twitter:description\" content=\"Former c&#039;est anticiper. Bilanciel intervient sur site pour organiser des s\u00e9minaires de formation sur diff\u00e9rents domaines.\" \/>\n<meta name=\"twitter:image\" content=\"https:\/\/www.bilanciel.fr\/pro\/wp-content\/uploads\/2020\/01\/luvstock-ipad-65019-1024x683-1.jpeg\" \/>\n<meta name=\"twitter:site\" content=\"@sperlesth\" \/>\n<meta name=\"twitter:label1\" content=\"Dur\u00e9e de lecture estim\u00e9e\" \/>\n\t<meta name=\"twitter:data1\" content=\"4 minutes\" \/>\n<script type=\"application\/ld+json\" class=\"yoast-schema-graph\">{\"@context\":\"https:\\\/\\\/schema.org\",\"@graph\":[{\"@type\":\"WebPage\",\"@id\":\"https:\\\/\\\/www.bilanciel.fr\\\/pro\\\/formation\\\/\",\"url\":\"https:\\\/\\\/www.bilanciel.fr\\\/pro\\\/formation\\\/\",\"name\":\"Formation - Bilanciel Pro - Conseil en ressources humaines\",\"isPartOf\":{\"@id\":\"https:\\\/\\\/www.bilanciel.fr\\\/pro\\\/#website\"},\"primaryImageOfPage\":{\"@id\":\"https:\\\/\\\/www.bilanciel.fr\\\/pro\\\/formation\\\/#primaryimage\"},\"image\":{\"@id\":\"https:\\\/\\\/www.bilanciel.fr\\\/pro\\\/formation\\\/#primaryimage\"},\"thumbnailUrl\":\"https:\\\/\\\/www.bilanciel.fr\\\/pro\\\/wp-content\\\/uploads\\\/2020\\\/01\\\/luvstock-ipad-65019-1024x683-1.jpeg\",\"datePublished\":\"2020-01-28T11:27:47+00:00\",\"dateModified\":\"2023-07-05T09:41:32+00:00\",\"description\":\"Former c'est anticiper. Bilanciel intervient sur site pour organiser des s\u00e9minaires de formation sur diff\u00e9rents domaines. N'h\u00e9sitez pas \u00e0 faire appel \u00e0 Bilanciel pour vos formations\",\"breadcrumb\":{\"@id\":\"https:\\\/\\\/www.bilanciel.fr\\\/pro\\\/formation\\\/#breadcrumb\"},\"inLanguage\":\"fr-FR\",\"potentialAction\":[{\"@type\":\"ReadAction\",\"target\":[\"https:\\\/\\\/www.bilanciel.fr\\\/pro\\\/formation\\\/\"]}]},{\"@type\":\"ImageObject\",\"inLanguage\":\"fr-FR\",\"@id\":\"https:\\\/\\\/www.bilanciel.fr\\\/pro\\\/formation\\\/#primaryimage\",\"url\":\"https:\\\/\\\/www.bilanciel.fr\\\/pro\\\/wp-content\\\/uploads\\\/2020\\\/01\\\/luvstock-ipad-65019-1024x683-1.jpeg\",\"contentUrl\":\"https:\\\/\\\/www.bilanciel.fr\\\/pro\\\/wp-content\\\/uploads\\\/2020\\\/01\\\/luvstock-ipad-65019-1024x683-1.jpeg\",\"width\":1024,\"height\":683,\"caption\":\"Formation chez Bilanciel pro, cabinet en ressources humaines\"},{\"@type\":\"BreadcrumbList\",\"@id\":\"https:\\\/\\\/www.bilanciel.fr\\\/pro\\\/formation\\\/#breadcrumb\",\"itemListElement\":[{\"@type\":\"ListItem\",\"position\":1,\"name\":\"Accueil\",\"item\":\"https:\\\/\\\/www.bilanciel.fr\\\/pro\\\/\"},{\"@type\":\"ListItem\",\"position\":2,\"name\":\"Formation\"}]},{\"@type\":\"WebSite\",\"@id\":\"https:\\\/\\\/www.bilanciel.fr\\\/pro\\\/#website\",\"url\":\"https:\\\/\\\/www.bilanciel.fr\\\/pro\\\/\",\"name\":\"Bilanciel Pro\",\"description\":\"Cabinet de conseil en ressources humaines\",\"publisher\":{\"@id\":\"https:\\\/\\\/www.bilanciel.fr\\\/pro\\\/#organization\"},\"potentialAction\":[{\"@type\":\"SearchAction\",\"target\":{\"@type\":\"EntryPoint\",\"urlTemplate\":\"https:\\\/\\\/www.bilanciel.fr\\\/pro\\\/?s={search_term_string}\"},\"query-input\":{\"@type\":\"PropertyValueSpecification\",\"valueRequired\":true,\"valueName\":\"search_term_string\"}}],\"inLanguage\":\"fr-FR\"},{\"@type\":\"Organization\",\"@id\":\"https:\\\/\\\/www.bilanciel.fr\\\/pro\\\/#organization\",\"name\":\"Bilanciel, Cabinet de ressources humaines\",\"url\":\"https:\\\/\\\/www.bilanciel.fr\\\/pro\\\/\",\"logo\":{\"@type\":\"ImageObject\",\"inLanguage\":\"fr-FR\",\"@id\":\"https:\\\/\\\/www.bilanciel.fr\\\/pro\\\/#\\\/schema\\\/logo\\\/image\\\/\",\"url\":\"https:\\\/\\\/www.bilanciel.fr\\\/pro\\\/wp-content\\\/uploads\\\/2020\\\/01\\\/logo-2.png\",\"contentUrl\":\"https:\\\/\\\/www.bilanciel.fr\\\/pro\\\/wp-content\\\/uploads\\\/2020\\\/01\\\/logo-2.png\",\"width\":242,\"height\":128,\"caption\":\"Bilanciel, Cabinet de ressources humaines\"},\"image\":{\"@id\":\"https:\\\/\\\/www.bilanciel.fr\\\/pro\\\/#\\\/schema\\\/logo\\\/image\\\/\"},\"sameAs\":[\"https:\\\/\\\/www.facebook.com\\\/www.bilanciel.fr?fref=ts\",\"https:\\\/\\\/x.com\\\/sperlesth\",\"https:\\\/\\\/www.instagram.com\\\/bilanciel\\\/\",\"https:\\\/\\\/www.linkedin.com\\\/in\\\/sophie-touttee-henrotte-49128aa\\\/\",\"https:\\\/\\\/www.youtube.com\\\/channel\\\/UCR-Jazl9utFmxvRfT5mYt-Q\"]}]}<\/script>\n<!-- \/ Yoast SEO plugin. -->","yoast_head_json":{"title":"Formation - Bilanciel Pro - Conseil en ressources humaines","description":"Former c'est anticiper. Bilanciel intervient sur site pour organiser des s\u00e9minaires de formation sur diff\u00e9rents domaines. N'h\u00e9sitez pas \u00e0 faire appel \u00e0 Bilanciel pour vos formations","robots":{"index":"index","follow":"follow","max-snippet":"max-snippet:-1","max-image-preview":"max-image-preview:large","max-video-preview":"max-video-preview:-1"},"canonical":"https:\/\/www.bilanciel.fr\/pro\/formation\/","og_locale":"fr_FR","og_type":"article","og_title":"Formation - Bilanciel Pro - Conseil en ressources humaines","og_description":"Former c'est anticiper. Bilanciel intervient sur site pour organiser des s\u00e9minaires de formation sur diff\u00e9rents domaines.","og_url":"https:\/\/www.bilanciel.fr\/pro\/formation\/","og_site_name":"Bilanciel Pro","article_publisher":"https:\/\/www.facebook.com\/www.bilanciel.fr?fref=ts","article_modified_time":"2023-07-05T09:41:32+00:00","og_image":[{"width":1024,"height":683,"url":"https:\/\/www.bilanciel.fr\/pro\/wp-content\/uploads\/2020\/01\/luvstock-ipad-65019-1024x683-1.jpeg","type":"image\/jpeg"}],"twitter_card":"summary_large_image","twitter_title":"Formation - Bilanciel Pro - Conseil en ressources humaines","twitter_description":"Former c'est anticiper. Bilanciel intervient sur site pour organiser des s\u00e9minaires de formation sur diff\u00e9rents domaines.","twitter_image":"https:\/\/www.bilanciel.fr\/pro\/wp-content\/uploads\/2020\/01\/luvstock-ipad-65019-1024x683-1.jpeg","twitter_site":"@sperlesth","twitter_misc":{"Dur\u00e9e de lecture estim\u00e9e":"4 minutes"},"schema":{"@context":"https:\/\/schema.org","@graph":[{"@type":"WebPage","@id":"https:\/\/www.bilanciel.fr\/pro\/formation\/","url":"https:\/\/www.bilanciel.fr\/pro\/formation\/","name":"Formation - Bilanciel Pro - Conseil en ressources humaines","isPartOf":{"@id":"https:\/\/www.bilanciel.fr\/pro\/#website"},"primaryImageOfPage":{"@id":"https:\/\/www.bilanciel.fr\/pro\/formation\/#primaryimage"},"image":{"@id":"https:\/\/www.bilanciel.fr\/pro\/formation\/#primaryimage"},"thumbnailUrl":"https:\/\/www.bilanciel.fr\/pro\/wp-content\/uploads\/2020\/01\/luvstock-ipad-65019-1024x683-1.jpeg","datePublished":"2020-01-28T11:27:47+00:00","dateModified":"2023-07-05T09:41:32+00:00","description":"Former c'est anticiper. Bilanciel intervient sur site pour organiser des s\u00e9minaires de formation sur diff\u00e9rents domaines. N'h\u00e9sitez pas \u00e0 faire appel \u00e0 Bilanciel pour vos formations","breadcrumb":{"@id":"https:\/\/www.bilanciel.fr\/pro\/formation\/#breadcrumb"},"inLanguage":"fr-FR","potentialAction":[{"@type":"ReadAction","target":["https:\/\/www.bilanciel.fr\/pro\/formation\/"]}]},{"@type":"ImageObject","inLanguage":"fr-FR","@id":"https:\/\/www.bilanciel.fr\/pro\/formation\/#primaryimage","url":"https:\/\/www.bilanciel.fr\/pro\/wp-content\/uploads\/2020\/01\/luvstock-ipad-65019-1024x683-1.jpeg","contentUrl":"https:\/\/www.bilanciel.fr\/pro\/wp-content\/uploads\/2020\/01\/luvstock-ipad-65019-1024x683-1.jpeg","width":1024,"height":683,"caption":"Formation chez Bilanciel pro, cabinet en ressources humaines"},{"@type":"BreadcrumbList","@id":"https:\/\/www.bilanciel.fr\/pro\/formation\/#breadcrumb","itemListElement":[{"@type":"ListItem","position":1,"name":"Accueil","item":"https:\/\/www.bilanciel.fr\/pro\/"},{"@type":"ListItem","position":2,"name":"Formation"}]},{"@type":"WebSite","@id":"https:\/\/www.bilanciel.fr\/pro\/#website","url":"https:\/\/www.bilanciel.fr\/pro\/","name":"Bilanciel Pro","description":"Cabinet de conseil en ressources humaines","publisher":{"@id":"https:\/\/www.bilanciel.fr\/pro\/#organization"},"potentialAction":[{"@type":"SearchAction","target":{"@type":"EntryPoint","urlTemplate":"https:\/\/www.bilanciel.fr\/pro\/?s={search_term_string}"},"query-input":{"@type":"PropertyValueSpecification","valueRequired":true,"valueName":"search_term_string"}}],"inLanguage":"fr-FR"},{"@type":"Organization","@id":"https:\/\/www.bilanciel.fr\/pro\/#organization","name":"Bilanciel, Cabinet de ressources humaines","url":"https:\/\/www.bilanciel.fr\/pro\/","logo":{"@type":"ImageObject","inLanguage":"fr-FR","@id":"https:\/\/www.bilanciel.fr\/pro\/#\/schema\/logo\/image\/","url":"https:\/\/www.bilanciel.fr\/pro\/wp-content\/uploads\/2020\/01\/logo-2.png","contentUrl":"https:\/\/www.bilanciel.fr\/pro\/wp-content\/uploads\/2020\/01\/logo-2.png","width":242,"height":128,"caption":"Bilanciel, Cabinet de ressources humaines"},"image":{"@id":"https:\/\/www.bilanciel.fr\/pro\/#\/schema\/logo\/image\/"},"sameAs":["https:\/\/www.facebook.com\/www.bilanciel.fr?fref=ts","https:\/\/x.com\/sperlesth","https:\/\/www.instagram.com\/bilanciel\/","https:\/\/www.linkedin.com\/in\/sophie-touttee-henrotte-49128aa\/","https:\/\/www.youtube.com\/channel\/UCR-Jazl9utFmxvRfT5mYt-Q"]}]}},"_links":{"self":[{"href":"https:\/\/www.bilanciel.fr\/pro\/wp-json\/wp\/v2\/pages\/586","targetHints":{"allow":["GET"]}}],"collection":[{"href":"https:\/\/www.bilanciel.fr\/pro\/wp-json\/wp\/v2\/pages"}],"about":[{"href":"https:\/\/www.bilanciel.fr\/pro\/wp-json\/wp\/v2\/types\/page"}],"author":[{"embeddable":true,"href":"https:\/\/www.bilanciel.fr\/pro\/wp-json\/wp\/v2\/users\/1"}],"replies":[{"embeddable":true,"href":"https:\/\/www.bilanciel.fr\/pro\/wp-json\/wp\/v2\/comments?post=586"}],"version-history":[{"count":0,"href":"https:\/\/www.bilanciel.fr\/pro\/wp-json\/wp\/v2\/pages\/586\/revisions"}],"wp:featuredmedia":[{"embeddable":true,"href":"https:\/\/www.bilanciel.fr\/pro\/wp-json\/wp\/v2\/media\/588"}],"wp:attachment":[{"href":"https:\/\/www.bilanciel.fr\/pro\/wp-json\/wp\/v2\/media?parent=586"}],"curies":[{"name":"wp","href":"https:\/\/api.w.org\/{rel}","templated":true}]}}

<!-- This site is optimized with the Yoast SEO plugin v27.4 - https://yoast.com/product/yoast-seo-wordpress/ -->
<title>Formation - Bilanciel Pro - Conseil en ressources humaines</title>
<meta name="description" content="Former c&#039;est anticiper. Bilanciel intervient sur site pour organiser des séminaires de formation sur différents domaines. N&#039;hésitez pas à faire appel à Bilanciel pour vos formations" />
<meta name="robots" content="index, follow, max-snippet:-1, max-image-preview:large, max-video-preview:-1" />
<link rel="canonical" href="https://www.bilanciel.fr/pro/formation/" />
<meta property="og:locale" content="fr_FR" />
<meta property="og:type" content="article" />
<meta property="og:title" content="Formation - Bilanciel Pro - Conseil en ressources humaines" />
<meta property="og:description" content="Former c&#039;est anticiper. Bilanciel intervient sur site pour organiser des séminaires de formation sur différents domaines." />
<meta property="og:url" content="https://www.bilanciel.fr/pro/formation/" />
<meta property="og:site_name" content="Bilanciel Pro" />
<meta property="article:publisher" content="https://www.facebook.com/www.bilanciel.fr?fref=ts" />
<meta property="article:modified_time" content="2023-07-05T09:41:32+00:00" />
<meta property="og:image" content="https://www.bilanciel.fr/pro/wp-content/uploads/2020/01/luvstock-ipad-65019-1024x683-1.jpeg" />
	<meta property="og:image:width" content="1024" />
	<meta property="og:image:height" content="683" />
	<meta property="og:image:type" content="image/jpeg" />
<meta name="twitter:card" content="summary_large_image" />
<meta name="twitter:title" content="Formation - Bilanciel Pro - Conseil en ressources humaines" />
<meta name="twitter:description" content="Former c&#039;est anticiper. Bilanciel intervient sur site pour organiser des séminaires de formation sur différents domaines." />
<meta name="twitter:image" content="https://www.bilanciel.fr/pro/wp-content/uploads/2020/01/luvstock-ipad-65019-1024x683-1.jpeg" />
<meta name="twitter:site" content="@sperlesth" />
<meta name="twitter:label1" content="Durée de lecture estimée" />
	<meta name="twitter:data1" content="4 minutes" />
<script type="application/ld+json" class="yoast-schema-graph">{"@context":"https:\/\/schema.org","@graph":[{"@type":"WebPage","@id":"https:\/\/www.bilanciel.fr\/pro\/formation\/","url":"https:\/\/www.bilanciel.fr\/pro\/formation\/","name":"Formation - Bilanciel Pro - Conseil en ressources humaines","isPartOf":{"@id":"https:\/\/www.bilanciel.fr\/pro\/#website"},"primaryImageOfPage":{"@id":"https:\/\/www.bilanciel.fr\/pro\/formation\/#primaryimage"},"image":{"@id":"https:\/\/www.bilanciel.fr\/pro\/formation\/#primaryimage"},"thumbnailUrl":"https:\/\/www.bilanciel.fr\/pro\/wp-content\/uploads\/2020\/01\/luvstock-ipad-65019-1024x683-1.jpeg","datePublished":"2020-01-28T11:27:47+00:00","dateModified":"2023-07-05T09:41:32+00:00","description":"Former c'est anticiper. Bilanciel intervient sur site pour organiser des séminaires de formation sur différents domaines. N'hésitez pas à faire appel à Bilanciel pour vos formations","breadcrumb":{"@id":"https:\/\/www.bilanciel.fr\/pro\/formation\/#breadcrumb"},"inLanguage":"fr-FR","potentialAction":[{"@type":"ReadAction","target":["https:\/\/www.bilanciel.fr\/pro\/formation\/"]}]},{"@type":"ImageObject","inLanguage":"fr-FR","@id":"https:\/\/www.bilanciel.fr\/pro\/formation\/#primaryimage","url":"https:\/\/www.bilanciel.fr\/pro\/wp-content\/uploads\/2020\/01\/luvstock-ipad-65019-1024x683-1.jpeg","contentUrl":"https:\/\/www.bilanciel.fr\/pro\/wp-content\/uploads\/2020\/01\/luvstock-ipad-65019-1024x683-1.jpeg","width":1024,"height":683,"caption":"Formation chez Bilanciel pro, cabinet en ressources humaines"},{"@type":"BreadcrumbList","@id":"https:\/\/www.bilanciel.fr\/pro\/formation\/#breadcrumb","itemListElement":[{"@type":"ListItem","position":1,"name":"Accueil","item":"https:\/\/www.bilanciel.fr\/pro\/"},{"@type":"ListItem","position":2,"name":"Formation"}]},{"@type":"WebSite","@id":"https:\/\/www.bilanciel.fr\/pro\/#website","url":"https:\/\/www.bilanciel.fr\/pro\/","name":"Bilanciel Pro","description":"Cabinet de conseil en ressources humaines","publisher":{"@id":"https:\/\/www.bilanciel.fr\/pro\/#organization"},"potentialAction":[{"@type":"SearchAction","target":{"@type":"EntryPoint","urlTemplate":"https:\/\/www.bilanciel.fr\/pro\/?s={search_term_string}"},"query-input":{"@type":"PropertyValueSpecification","valueRequired":true,"valueName":"search_term_string"}}],"inLanguage":"fr-FR"},{"@type":"Organization","@id":"https:\/\/www.bilanciel.fr\/pro\/#organization","name":"Bilanciel, Cabinet de ressources humaines","url":"https:\/\/www.bilanciel.fr\/pro\/","logo":{"@type":"ImageObject","inLanguage":"fr-FR","@id":"https:\/\/www.bilanciel.fr\/pro\/#\/schema\/logo\/image\/","url":"https:\/\/www.bilanciel.fr\/pro\/wp-content\/uploads\/2020\/01\/logo-2.png","contentUrl":"https:\/\/www.bilanciel.fr\/pro\/wp-content\/uploads\/2020\/01\/logo-2.png","width":242,"height":128,"caption":"Bilanciel, Cabinet de ressources humaines"},"image":{"@id":"https:\/\/www.bilanciel.fr\/pro\/#\/schema\/logo\/image\/"},"sameAs":["https:\/\/www.facebook.com\/www.bilanciel.fr?fref=ts","https:\/\/x.com\/sperlesth","https:\/\/www.instagram.com\/bilanciel\/","https:\/\/www.linkedin.com\/in\/sophie-touttee-henrotte-49128aa\/","https:\/\/www.youtube.com\/channel\/UCR-Jazl9utFmxvRfT5mYt-Q"]}]}</script>
<!-- / Yoast SEO plugin. -->

Former c'est anticiper. Bilanciel intervient sur site pour organiser des séminaires de formation sur différents domaines. N'hésitez pas à faire appel à Bilanciel pour vos formations

Former c'est anticiper. Bilanciel intervient sur site pour organiser des séminaires de formation sur différents domaines.
