{"id":307,"date":"2015-11-30T07:58:05","date_gmt":"2015-11-30T07:58:05","guid":{"rendered":"http:\/\/demo.massivedynamic.co\/business-classic\/?page_id=5"},"modified":"2023-11-17T18:50:25","modified_gmt":"2023-11-17T17:50:25","slug":"home","status":"publish","type":"page","link":"https:\/\/www.bilanciel.fr\/pro\/","title":{"rendered":"HOME"},"content":{"rendered":"<\/p>","protected":false},"excerpt":{"rendered":"","protected":false},"author":1,"featured_media":0,"parent":0,"menu_order":0,"comment_status":"closed","ping_status":"closed","template":"","meta":{"footnotes":""},"class_list":["post-307","page","type-page","status-publish","hentry"],"yoast_head":"<!-- This site is optimized with the Yoast SEO plugin v27.4 - https:\/\/yoast.com\/product\/yoast-seo-wordpress\/ -->\n<title>Accompagnement professionnel - Bilanciel Pro<\/title>\n<meta name=\"description\" content=\"D\u00e9couvrez Bilanciel, cabinet en ressources humaines, ses m\u00e9thodes et services \u00e0 la carte en recrutement, bilan de comp\u00e9tences, coaching, outplacement...\" \/>\n<meta name=\"robots\" content=\"index, follow, max-snippet:-1, max-image-preview:large, max-video-preview:-1\" \/>\n<link rel=\"canonical\" href=\"https:\/\/www.bilanciel.fr\/pro\/\" \/>\n<meta property=\"og:locale\" content=\"fr_FR\" \/>\n<meta property=\"og:type\" content=\"article\" \/>\n<meta property=\"og:title\" content=\"Accompagnement professionnel - Bilanciel Pro\" \/>\n<meta property=\"og:description\" content=\"D\u00e9couvrez Bilanciel, cabinet en ressources humaines, ses m\u00e9thodes et services \u00e0 la carte en recrutement, bilan de comp\u00e9tences, coaching, outplacement...\" \/>\n<meta property=\"og:url\" content=\"https:\/\/www.bilanciel.fr\/pro\/\" \/>\n<meta property=\"og:site_name\" content=\"Bilanciel Pro\" \/>\n<meta property=\"article:publisher\" content=\"https:\/\/www.facebook.com\/www.bilanciel.fr?fref=ts\" \/>\n<meta property=\"article:modified_time\" content=\"2023-11-17T17:50:25+00:00\" \/>\n<meta property=\"og:image\" content=\"https:\/\/www.bilanciel.fr\/pro\/wp-content\/uploads\/2020\/01\/logo.png\" \/>\n\t<meta property=\"og:image:width\" content=\"414\" \/>\n\t<meta property=\"og:image:height\" content=\"182\" \/>\n\t<meta property=\"og:image:type\" content=\"image\/png\" \/>\n<meta name=\"twitter:card\" content=\"summary_large_image\" \/>\n<meta name=\"twitter:site\" content=\"@sperlesth\" \/>\n<meta name=\"twitter:label1\" content=\"Dur\u00e9e de lecture estim\u00e9e\" \/>\n\t<meta name=\"twitter:data1\" content=\"4 minutes\" \/>\n<script type=\"application\/ld+json\" class=\"yoast-schema-graph\">{\"@context\":\"https:\\\/\\\/schema.org\",\"@graph\":[{\"@type\":\"WebPage\",\"@id\":\"https:\\\/\\\/www.bilanciel.fr\\\/pro\\\/\",\"url\":\"https:\\\/\\\/www.bilanciel.fr\\\/pro\\\/\",\"name\":\"Accompagnement professionnel - Bilanciel Pro\",\"isPartOf\":{\"@id\":\"https:\\\/\\\/www.bilanciel.fr\\\/pro\\\/#website\"},\"datePublished\":\"2015-11-30T07:58:05+00:00\",\"dateModified\":\"2023-11-17T17:50:25+00:00\",\"description\":\"D\u00e9couvrez Bilanciel, cabinet en ressources humaines, ses m\u00e9thodes et services \u00e0 la carte en recrutement, bilan de comp\u00e9tences, coaching, outplacement...\",\"breadcrumb\":{\"@id\":\"https:\\\/\\\/www.bilanciel.fr\\\/pro\\\/#breadcrumb\"},\"inLanguage\":\"fr-FR\",\"potentialAction\":[{\"@type\":\"ReadAction\",\"target\":[\"https:\\\/\\\/www.bilanciel.fr\\\/pro\\\/\"]}]},{\"@type\":\"BreadcrumbList\",\"@id\":\"https:\\\/\\\/www.bilanciel.fr\\\/pro\\\/#breadcrumb\",\"itemListElement\":[{\"@type\":\"ListItem\",\"position\":1,\"name\":\"Accueil\",\"item\":\"https:\\\/\\\/www.bilanciel.fr\\\/pro\\\/\"},{\"@type\":\"ListItem\",\"position\":2,\"name\":\"HOME\"}]},{\"@type\":\"WebSite\",\"@id\":\"https:\\\/\\\/www.bilanciel.fr\\\/pro\\\/#website\",\"url\":\"https:\\\/\\\/www.bilanciel.fr\\\/pro\\\/\",\"name\":\"Bilanciel Pro\",\"description\":\"Cabinet de conseil en ressources humaines\",\"publisher\":{\"@id\":\"https:\\\/\\\/www.bilanciel.fr\\\/pro\\\/#organization\"},\"potentialAction\":[{\"@type\":\"SearchAction\",\"target\":{\"@type\":\"EntryPoint\",\"urlTemplate\":\"https:\\\/\\\/www.bilanciel.fr\\\/pro\\\/?s={search_term_string}\"},\"query-input\":{\"@type\":\"PropertyValueSpecification\",\"valueRequired\":true,\"valueName\":\"search_term_string\"}}],\"inLanguage\":\"fr-FR\"},{\"@type\":\"Organization\",\"@id\":\"https:\\\/\\\/www.bilanciel.fr\\\/pro\\\/#organization\",\"name\":\"Bilanciel, Cabinet de ressources humaines\",\"url\":\"https:\\\/\\\/www.bilanciel.fr\\\/pro\\\/\",\"logo\":{\"@type\":\"ImageObject\",\"inLanguage\":\"fr-FR\",\"@id\":\"https:\\\/\\\/www.bilanciel.fr\\\/pro\\\/#\\\/schema\\\/logo\\\/image\\\/\",\"url\":\"https:\\\/\\\/www.bilanciel.fr\\\/pro\\\/wp-content\\\/uploads\\\/2020\\\/01\\\/logo-2.png\",\"contentUrl\":\"https:\\\/\\\/www.bilanciel.fr\\\/pro\\\/wp-content\\\/uploads\\\/2020\\\/01\\\/logo-2.png\",\"width\":242,\"height\":128,\"caption\":\"Bilanciel, Cabinet de ressources humaines\"},\"image\":{\"@id\":\"https:\\\/\\\/www.bilanciel.fr\\\/pro\\\/#\\\/schema\\\/logo\\\/image\\\/\"},\"sameAs\":[\"https:\\\/\\\/www.facebook.com\\\/www.bilanciel.fr?fref=ts\",\"https:\\\/\\\/x.com\\\/sperlesth\",\"https:\\\/\\\/www.instagram.com\\\/bilanciel\\\/\",\"https:\\\/\\\/www.linkedin.com\\\/in\\\/sophie-touttee-henrotte-49128aa\\\/\",\"https:\\\/\\\/www.youtube.com\\\/channel\\\/UCR-Jazl9utFmxvRfT5mYt-Q\"]}]}<\/script>\n<!-- \/ Yoast SEO plugin. -->","yoast_head_json":{"title":"Accompagnement professionnel - Bilanciel Pro","description":"D\u00e9couvrez Bilanciel, cabinet en ressources humaines, ses m\u00e9thodes et services \u00e0 la carte en recrutement, bilan de comp\u00e9tences, coaching, outplacement...","robots":{"index":"index","follow":"follow","max-snippet":"max-snippet:-1","max-image-preview":"max-image-preview:large","max-video-preview":"max-video-preview:-1"},"canonical":"https:\/\/www.bilanciel.fr\/pro\/","og_locale":"fr_FR","og_type":"article","og_title":"Accompagnement professionnel - Bilanciel Pro","og_description":"D\u00e9couvrez Bilanciel, cabinet en ressources humaines, ses m\u00e9thodes et services \u00e0 la carte en recrutement, bilan de comp\u00e9tences, coaching, outplacement...","og_url":"https:\/\/www.bilanciel.fr\/pro\/","og_site_name":"Bilanciel Pro","article_publisher":"https:\/\/www.facebook.com\/www.bilanciel.fr?fref=ts","article_modified_time":"2023-11-17T17:50:25+00:00","og_image":[{"width":414,"height":182,"url":"https:\/\/www.bilanciel.fr\/pro\/wp-content\/uploads\/2020\/01\/logo.png","type":"image\/png"}],"twitter_card":"summary_large_image","twitter_site":"@sperlesth","twitter_misc":{"Dur\u00e9e de lecture estim\u00e9e":"4 minutes"},"schema":{"@context":"https:\/\/schema.org","@graph":[{"@type":"WebPage","@id":"https:\/\/www.bilanciel.fr\/pro\/","url":"https:\/\/www.bilanciel.fr\/pro\/","name":"Accompagnement professionnel - Bilanciel Pro","isPartOf":{"@id":"https:\/\/www.bilanciel.fr\/pro\/#website"},"datePublished":"2015-11-30T07:58:05+00:00","dateModified":"2023-11-17T17:50:25+00:00","description":"D\u00e9couvrez Bilanciel, cabinet en ressources humaines, ses m\u00e9thodes et services \u00e0 la carte en recrutement, bilan de comp\u00e9tences, coaching, outplacement...","breadcrumb":{"@id":"https:\/\/www.bilanciel.fr\/pro\/#breadcrumb"},"inLanguage":"fr-FR","potentialAction":[{"@type":"ReadAction","target":["https:\/\/www.bilanciel.fr\/pro\/"]}]},{"@type":"BreadcrumbList","@id":"https:\/\/www.bilanciel.fr\/pro\/#breadcrumb","itemListElement":[{"@type":"ListItem","position":1,"name":"Accueil","item":"https:\/\/www.bilanciel.fr\/pro\/"},{"@type":"ListItem","position":2,"name":"HOME"}]},{"@type":"WebSite","@id":"https:\/\/www.bilanciel.fr\/pro\/#website","url":"https:\/\/www.bilanciel.fr\/pro\/","name":"Bilanciel Pro","description":"Cabinet de conseil en ressources humaines","publisher":{"@id":"https:\/\/www.bilanciel.fr\/pro\/#organization"},"potentialAction":[{"@type":"SearchAction","target":{"@type":"EntryPoint","urlTemplate":"https:\/\/www.bilanciel.fr\/pro\/?s={search_term_string}"},"query-input":{"@type":"PropertyValueSpecification","valueRequired":true,"valueName":"search_term_string"}}],"inLanguage":"fr-FR"},{"@type":"Organization","@id":"https:\/\/www.bilanciel.fr\/pro\/#organization","name":"Bilanciel, Cabinet de ressources humaines","url":"https:\/\/www.bilanciel.fr\/pro\/","logo":{"@type":"ImageObject","inLanguage":"fr-FR","@id":"https:\/\/www.bilanciel.fr\/pro\/#\/schema\/logo\/image\/","url":"https:\/\/www.bilanciel.fr\/pro\/wp-content\/uploads\/2020\/01\/logo-2.png","contentUrl":"https:\/\/www.bilanciel.fr\/pro\/wp-content\/uploads\/2020\/01\/logo-2.png","width":242,"height":128,"caption":"Bilanciel, Cabinet de ressources humaines"},"image":{"@id":"https:\/\/www.bilanciel.fr\/pro\/#\/schema\/logo\/image\/"},"sameAs":["https:\/\/www.facebook.com\/www.bilanciel.fr?fref=ts","https:\/\/x.com\/sperlesth","https:\/\/www.instagram.com\/bilanciel\/","https:\/\/www.linkedin.com\/in\/sophie-touttee-henrotte-49128aa\/","https:\/\/www.youtube.com\/channel\/UCR-Jazl9utFmxvRfT5mYt-Q"]}]}},"_links":{"self":[{"href":"https:\/\/www.bilanciel.fr\/pro\/wp-json\/wp\/v2\/pages\/307","targetHints":{"allow":["GET"]}}],"collection":[{"href":"https:\/\/www.bilanciel.fr\/pro\/wp-json\/wp\/v2\/pages"}],"about":[{"href":"https:\/\/www.bilanciel.fr\/pro\/wp-json\/wp\/v2\/types\/page"}],"author":[{"embeddable":true,"href":"https:\/\/www.bilanciel.fr\/pro\/wp-json\/wp\/v2\/users\/1"}],"replies":[{"embeddable":true,"href":"https:\/\/www.bilanciel.fr\/pro\/wp-json\/wp\/v2\/comments?post=307"}],"version-history":[{"count":0,"href":"https:\/\/www.bilanciel.fr\/pro\/wp-json\/wp\/v2\/pages\/307\/revisions"}],"wp:attachment":[{"href":"https:\/\/www.bilanciel.fr\/pro\/wp-json\/wp\/v2\/media?parent=307"}],"curies":[{"name":"wp","href":"https:\/\/api.w.org\/{rel}","templated":true}]}}